{"id":7,"date":"2015-02-10T19:21:05","date_gmt":"2015-02-10T19:21:05","guid":{"rendered":"http:\/\/theme-fusion.com\/avada_demos\/architecture\/?page_id=7"},"modified":"2024-06-20T13:41:36","modified_gmt":"2024-06-20T11:41:36","slug":"home-2","status":"publish","type":"page","link":"https:\/\/czorsztyn.czterypory.info\/wynajem\/","title":{"rendered":"Home"},"content":{"rendered":"<div class=\"fusion-fullwidth fullwidth-box fusion-fullwidth-1  fusion-parallax-none nonhundred-percent-fullwidth\" style=\"border-color:#eae9e9;border-bottom-width: 0px;border-top-width: 0px;border-bottom-style: solid;border-top-style: solid;padding-bottom:120px;padding-top:130px;padding-left:0px;padding-right:0px;\"><style type=\"text\/css\" scoped=\"scoped\">.fusion-fullwidth-1 {\n                            padding-left: 0px !important;\n                            padding-right: 0px !important;\n                        }<\/style><div class=\"fusion-row\"><div class=\"fusion-one-half fusion-layout-column fusion-spacing-yes\" style=\"margin-top:0px;margin-bottom:20px;\"><div class=\"fusion-column-wrapper\"><div class=\"fusion-sep-clear\"><\/div><div class=\"fusion-separator fusion-full-width-sep sep-none\" style=\"border-color:#e0dede;margin-left: auto;margin-right: auto;margin-top:;\"><\/div><h2><span style=\"color: #000000;\">Osada 4 Pory Roku<\/span><\/h2>\n<p data-lineheight=\"42\" data-fontsize=\"22\"><span style=\"color: #000000;\">Cztery Pory Roku Czorsztyn to Osada luksusowych domk\u00f3w z bali, usytuowanych na przepi\u0119knym terenie nad samym Jeziorem Czorszty\u0144skim, naprzeciwko zamku w Czorsztynie.<\/span><\/p>\n<div class=\"fusion-button-wrapper\"><style type=\"text\/css\" scoped=\"scoped\">.fusion-button.button-1 .fusion-button-text, .fusion-button.button-1 i {color:#020202;}.fusion-button.button-1 {border-width:1px;border-color:#020202;}.fusion-button.button-1 .fusion-button-icon-divider{border-color:#020202;}.fusion-button.button-1:hover .fusion-button-text, .fusion-button.button-1:hover i,.fusion-button.button-1:focus .fusion-button-text, .fusion-button.button-1:focus i,.fusion-button.button-1:active .fusion-button-text, .fusion-button.button-1:active{color:#020202;}.fusion-button.button-1:hover, .fusion-button.button-1:focus, .fusion-button.button-1:active{border-width:1px;border-color:#020202;}.fusion-button.button-1:hover .fusion-button-icon-divider, .fusion-button.button-1:hover .fusion-button-icon-divider, .fusion-button.button-1:active .fusion-button-icon-divider{border-color:#020202;}.fusion-button.button-1{background: ;}.fusion-button.button-1:hover,.button-1:focus,.fusion-button.button-1:active{background: rgba(255,255,255,.035);}.fusion-button.button-1{width:auto;}<\/style><a class=\"fusion-button button-flat button-square button-xlarge button-custom button-1\" target=\"_self\" href=\"\/wynajem\/osada-4-pory-roku\/\"><span class=\"fusion-button-text\">Wi\u0119cej informacji<\/span><\/a><\/div><div class=\"fusion-sep-clear\"><\/div><div class=\"fusion-separator fusion-full-width-sep sep-none\" style=\"border-color:#e0dede;margin-left: auto;margin-right: auto;margin-top:20px;\"><\/div><div class=\"fusion-clearfix\"><\/div><\/div><\/div><div class=\"fusion-one-half fusion-layout-column fusion-column-last fusion-spacing-yes\" style=\"margin-top:0px;margin-bottom:20px;\"><div class=\"fusion-column-wrapper\"><span class=\"fusion-imageframe imageframe-none imageframe-1 hover-type-none\"><a class=\"fusion-no-lightbox\" href=\"\/wynajem\/osada-4-pory-roku\/\" target=\"_self\"> <img decoding=\"async\" src=\"http:\/\/czorsztyn.czterypory.info\/wynajem\/wp-content\/uploads\/2015\/02\/Domki-Czorsztyn-foto086.jpg\" alt=\"\" class=\"img-responsive\"\/><\/a><\/span><div class=\"fusion-clearfix\"><\/div><\/div><\/div><div class=\"fusion-clearfix\"><\/div><\/div><\/div><div class=\"fusion-fullwidth fullwidth-box fusion-fullwidth-2  fusion-parallax-none nonhundred-percent-fullwidth\" style=\"border-color:#eae9e9;border-bottom-width: 0px;border-top-width: 0px;border-bottom-style: solid;border-top-style: solid;padding-bottom:120px;padding-top:130px;padding-left:0px;padding-right:0px;background-position:left top;background-repeat:no-repeat;-webkit-background-size:cover;-moz-background-size:cover;-o-background-size:cover;background-size:cover;-ms-filter: &quot;progid:DXImageTransform.Microsoft.AlphaImageLoader(src=&#039;http:\/\/czorsztyn.czterypory.info\/wynajem\/wp-content\/uploads\/2015\/12\/galeria-czorsztyn.jpg&#039;, sizingMethod=&#039;scale&#039;)&quot;;background-image: url(http:\/\/czorsztyn.czterypory.info\/wynajem\/wp-content\/uploads\/2015\/12\/galeria-czorsztyn.jpg);\"><style type=\"text\/css\" scoped=\"scoped\">.fusion-fullwidth-2 {\n                            padding-left: 0px !important;\n                            padding-right: 0px !important;\n                        }<\/style><div class=\"fusion-row\"><div class=\"fusion-one-half fusion-layout-column fusion-spacing-yes\" style=\"margin-top:0px;margin-bottom:20px;\"><div class=\"fusion-column-wrapper\"><h2><span style=\"color: #ffffff;\">Galeria zdj\u0119\u0107<\/span><\/h2>\n<div class=\"fusion-sep-clear\"><\/div><div class=\"fusion-separator fusion-full-width-sep sep-none\" style=\"border-color:#e0dede;margin-left: auto;margin-right: auto;margin-top:20px;\"><\/div><div class=\"fusion-button-wrapper\"><style type=\"text\/css\" scoped=\"scoped\">.fusion-button.button-2 .fusion-button-text, .fusion-button.button-2 i {color:rgba(255,255,255,.75);}.fusion-button.button-2 {border-width:1px;border-color:rgba(255,255,255,.75);}.fusion-button.button-2 .fusion-button-icon-divider{border-color:rgba(255,255,255,.75);}.fusion-button.button-2:hover .fusion-button-text, .fusion-button.button-2:hover i,.fusion-button.button-2:focus .fusion-button-text, .fusion-button.button-2:focus i,.fusion-button.button-2:active .fusion-button-text, .fusion-button.button-2:active{color:rgba(255,255,255,.9);}.fusion-button.button-2:hover, .fusion-button.button-2:focus, .fusion-button.button-2:active{border-width:1px;border-color:rgba(255,255,255,.9);}.fusion-button.button-2:hover .fusion-button-icon-divider, .fusion-button.button-2:hover .fusion-button-icon-divider, .fusion-button.button-2:active .fusion-button-icon-divider{border-color:rgba(255,255,255,.9);}.fusion-button.button-2{background: ;}.fusion-button.button-2:hover,.button-2:focus,.fusion-button.button-2:active{background: rgba(255,255,255,.035);}.fusion-button.button-2{width:auto;}<\/style><a class=\"fusion-button button-flat button-square button-xlarge button-default button-2\" target=\"_self\" href=\"\/wynajem\/galeria\/\"><span class=\"fusion-button-text\">Zobacz<\/span><\/a><\/div><div class=\"fusion-clearfix\"><\/div><\/div><\/div><div class=\"fusion-one-half fusion-layout-column fusion-column-last fusion-spacing-yes\" style=\"margin-top:0px;margin-bottom:20px;\"><div class=\"fusion-column-wrapper\"><div class=\"fusion-clearfix\"><\/div><\/div><\/div><div class=\"fusion-clearfix\"><\/div><\/div><\/div><div class=\"fusion-fullwidth fullwidth-box fusion-fullwidth-3  fusion-parallax-none nonhundred-percent-fullwidth\" style=\"border-color:#eae9e9;border-bottom-width: 0px;border-top-width: 0px;border-bottom-style: solid;border-top-style: solid;padding-bottom:75px;padding-top:75px;padding-left:;padding-right:;\"><style type=\"text\/css\" scoped=\"scoped\">.fusion-fullwidth-3 {\n                            padding-left: px !important;\n                            padding-right: px !important;\n                        }<\/style><div class=\"fusion-row\"><div class=\"fusion-one-half fusion-layout-column fusion-spacing-yes\" style=\"margin-top:0px;margin-bottom:20px;\"><div class=\"fusion-column-wrapper\"><div class=\"fusion-sep-clear\"><\/div><div class=\"fusion-separator fusion-full-width-sep sep-none\" style=\"border-color:#e0dede;margin-left: auto;margin-right: auto;margin-top:;\"><\/div><h2>Poznaj okolic\u0119<\/h2>\n<p>W po\u0142udniowej cz\u0119\u015bci wojew\u00f3dztwa ma\u0142opolskiego, na granicy Gorc\u00f3w, Pienin i Spisza le\u017cy niewielki, ale jak\u017ce hojnie obdarzony przez natur\u0119 obszar Gminy Czorsztyn o powierzchni 6172 ha. P\u00f3\u0142nocna cz\u0119\u015b\u0107 gminy le\u017c\u0105ca powy\u017cej drogi \u0142\u0105cz\u0105cej Nowy Targ z Nowym S\u0105czem nale\u017cy do pasma Gorc\u00f3w z ich \u0142agodnymi, lesistymi grzbietami i falistymi dolinami potok\u00f3w.<\/p>\n<div class=\"fusion-button-wrapper\"><style type=\"text\/css\" scoped=\"scoped\">.fusion-button.button-3 .fusion-button-text, .fusion-button.button-3 i {color:#020202;}.fusion-button.button-3 {border-width:1px;border-color:#020202;}.fusion-button.button-3 .fusion-button-icon-divider{border-color:#020202;}.fusion-button.button-3:hover .fusion-button-text, .fusion-button.button-3:hover i,.fusion-button.button-3:focus .fusion-button-text, .fusion-button.button-3:focus i,.fusion-button.button-3:active .fusion-button-text, .fusion-button.button-3:active{color:#020202;}.fusion-button.button-3:hover, .fusion-button.button-3:focus, .fusion-button.button-3:active{border-width:1px;border-color:#020202;}.fusion-button.button-3:hover .fusion-button-icon-divider, .fusion-button.button-3:hover .fusion-button-icon-divider, .fusion-button.button-3:active .fusion-button-icon-divider{border-color:#020202;}.fusion-button.button-3{background: ;}.fusion-button.button-3:hover,.button-3:focus,.fusion-button.button-3:active{background: rgba(255,255,255,.035);}.fusion-button.button-3{width:auto;}<\/style><a class=\"fusion-button button-flat button-square button-xlarge button-custom button-3\" target=\"_self\" href=\"\/wynajem\/okolica\"><span class=\"fusion-button-text\">Wi\u0119cej informacji<\/span><\/a><\/div><div class=\"fusion-sep-clear\"><\/div><div class=\"fusion-separator fusion-full-width-sep sep-none\" style=\"border-color:#e0dede;margin-left: auto;margin-right: auto;margin-top:;\"><\/div><div class=\"fusion-clearfix\"><\/div><\/div><\/div><div class=\"fusion-one-half fusion-layout-column fusion-column-last fusion-spacing-yes\" style=\"margin-top:0px;margin-bottom:20px;\"><div class=\"fusion-column-wrapper\"><span class=\"fusion-imageframe imageframe-none imageframe-2 hover-type-none\"> <img decoding=\"async\" src=\"http:\/\/czorsztyn.czterypory.info\/wynajem\/wp-content\/uploads\/2015\/02\/czorsztyn-1024x682.jpg\" alt=\"\" class=\"img-responsive\"\/><\/span><div class=\"fusion-clearfix\"><\/div><\/div><\/div><div class=\"fusion-clearfix\"><\/div><\/div><\/div>\n","protected":false},"excerpt":{"rendered":"","protected":false},"author":1,"featured_media":0,"parent":0,"menu_order":0,"comment_status":"closed","ping_status":"open","template":"100-width.php","meta":{"footnotes":""},"class_list":["post-7","page","type-page","status-publish","hentry"],"aioseo_notices":[],"_links":{"self":[{"href":"https:\/\/czorsztyn.czterypory.info\/wynajem\/wp-json\/wp\/v2\/pages\/7","targetHints":{"allow":["GET"]}}],"collection":[{"href":"https:\/\/czorsztyn.czterypory.info\/wynajem\/wp-json\/wp\/v2\/pages"}],"about":[{"href":"https:\/\/czorsztyn.czterypory.info\/wynajem\/wp-json\/wp\/v2\/types\/page"}],"author":[{"embeddable":true,"href":"https:\/\/czorsztyn.czterypory.info\/wynajem\/wp-json\/wp\/v2\/users\/1"}],"replies":[{"embeddable":true,"href":"https:\/\/czorsztyn.czterypory.info\/wynajem\/wp-json\/wp\/v2\/comments?post=7"}],"version-history":[{"count":21,"href":"https:\/\/czorsztyn.czterypory.info\/wynajem\/wp-json\/wp\/v2\/pages\/7\/revisions"}],"predecessor-version":[{"id":12532,"href":"https:\/\/czorsztyn.czterypory.info\/wynajem\/wp-json\/wp\/v2\/pages\/7\/revisions\/12532"}],"wp:attachment":[{"href":"https:\/\/czorsztyn.czterypory.info\/wynajem\/wp-json\/wp\/v2\/media?parent=7"}],"curies":[{"name":"wp","href":"https:\/\/api.w.org\/{rel}","templated":true}]}}